se -2*p + 126 = 3*v, -2*v = -f*p + 5*p - 315. What is the tens digit of p?
6
Suppose 151*k + 450183 = 1009880 + 682429. What is the thousands digit of k?
8
Suppose -202*h + 3860815 = 33*h. What is the hundreds digit of h?
4
Let n(z) = 581*z - 976. What is the tens digit of n(10)?
3
Suppose -6*b + 92 = -106. Suppose 7*y - 89 = -b. What is the units digit of (-100)/y*8/(-10)?
0
Suppose 112*h = 100*h + 180. Let p(g) = 9 + 33 - 5 + g. What is the units digit of p(h)?
2
Suppose -3*y - 49 = -c, -2*y + 4*y - 3*c + 21 = 0. Let m be (-4)/y + 2*51/27. Suppose -4*q - m = -3*q, h = -2*q + 32. What is the units digit of h?
0
Suppose 3*f + 8 = -4*l + 4, -4*f = -3*l + 22. Suppose -3*o = -4*q + 899, 0 = -l*q + 5*q + 4*o - 668. What is the tens digit of q?
2
What is the units digit of (1/2)/1*-145*(1 - 3)?
5
Let c(h) = h**2 - 22*h + 13. Let w be c(11). Suppose 20 = 2*l - 5*q, 3*l - q - 58 = -l. Let i = l - w. What is the hundreds digit of i?
1
Suppose -5*g - 3*p + 64574 = -2*p, -3*g - 5*p = -38740. What is the thousands digit of g?
2
Let l = 730 + -509. Let h = 830 - l. What is the units digit of h?
9
Suppose -903 = -4*h - b + 461, 0 = 5*b - 20. Suppose -9*j + h = -8*j. What is the tens digit of j?
4
Suppose 74*d + 96 = 76*d. Let f be (d/30)/((-2)/(-400)). Let n = f - 185. What is the tens digit of n?
3
Let u(a) = -17*a - 11. Suppose -4*c = 2*l, 0 = c + 5*l + 7 - 25. Let t(r) = -4*r**2 - 5*r. Let f be t(c). What is the units digit of u(f)?
1
Let x = 1171 + -1166. Let o(t) = -16*t + 1. Let z(v) = -v. Let r(l) = -2*o(l) - 22*z(l). What is the hundreds digit of r(x)?
2
Let t = -1538 + 2373. Let x = 1880 - t. What is the tens digit of x?
4
Let g(z) = 3*z**2 - 28*z - 4. Let u = 410 + -278. Let n = u + -118. What is the hundreds digit of g(n)?
1
What is the units digit of -9 + 15 + 2996 + 16/8?
4
Suppose 0 = -8*q + 6*q - 438. Let t be 1/((3/q)/1). Let s = t + 111. What is the units digit of s?
8
Let r be 3/(-15) + 1 - (-7684)/(-5). Let f = r + 2289. Let w = -488 + f. What is the tens digit of w?
6
Suppose 4*x + 42 = 9*x - l, 3*x - 5*l = 12. What is the units digit of ((-606)/x)/((-25)/150)?
4
Suppose -x = -p - 37153 + 13083, -4*x + 96272 = -5*p. What is the tens digit of x?
7
Let y be 10/(2 + (-344)/170). Let s = -423 - y. What is the units digit of s?
2
Let r(u) = 4*u + 2. Let i(t) = -6*t - 1. Let a(b) = 3*i(b) + 4*r(b). Let k be a(-4). Suppose -k*p + 4 = -12*p. What is the units digit of p?
4
Let j = 1475 + -973. Suppose 0 = -6*u + j + 722. What is the tens digit of u?
0
Let z = -2606 + 254. Let g = z + 3981. What is the units digit of g?
9
Let g be (-3 + 51/15)*(-1 - -6). Suppose 9386 = 24*m + g*m. What is the hundreds digit of m?
3
What is the units digit of (3 + (-21)/(-7) - 9)/(4/(-1672))?
4
Suppose 8*r - 5*x - 14796 = 0, 2*r + 1553 = -x + 5243. What is the units digit of r?
7
Let v = -624 - -2213. What is the units digit of v?
9
Let a(m) be the third derivative of 7*m**5/60 - m**4/2 + 3*m**3/2 - 48*m**2. Let n = 7 + -3. What is the units digit of a(n)?
3
Let s(l) = -2*l**3 + 17*l + 27. Let w be s(-3). Let c be (272/(-10))/(3/(-15)). Suppose w*p = 32*p - c. What is the tens digit of p?
6
Let m = 3450 + -1812. What is the tens digit of m?
3
Let u = 9 - 5. Let p(w) = -4*w + 15. Let d be p(u). What is the tens digit of d/(1/23)*-1?
2
Suppose 12*m - 270 = 6*m. Let h = 54 - m. What is the tens digit of 14 - h/(36/16)?
1
Let s(u) = 2*u**3 + 46 - 12*u**3 + 14 + 26*u**2 + 42*u + 9*u**3. What is the units digit of s(27)?
5
Suppose w = 4, -2*w + 40342 = 3*s - 73810. What is the tens digit of s?
4
Suppose 1138124 = 42*p - 908284. What is the units digit of p?
4
Let c be (-267)/5 + (-9)/15. Suppose 63 = -3*b - 27. Let o = b - c. What is the tens digit of o?
2
Let p be 15 - (6/(-2) - -2). Let r(k) = 2 - p*k + 0*k - 15. What is the tens digit of r(-6)?
8
Let m be 9*((-48)/9 + 2). Let q(g) = -g**3 + 21*g**2 - 76*g - 14. Let o be q(17). What is the tens digit of (-2080)/o - 4/m?
1
Suppose 19*q - 24 = 11*q. Suppose 5*s - 3968 = q*u, 2*u + 2380 = -4*s + 7*s. What is the tens digit of s?
9
Suppose 0 = 2*b - 1045 - 45. Suppose b = 6*r - 1261. Suppose -r - 419 = -18*l. What is the units digit of l?
0
Let z = -2963 - -14244. What is the units digit of z?
1
Suppose -10*x + 181515 = -34215. What is the tens digit of x?
7
Let f(h) = 4*h + 6. Let x be f(2). What is the units digit of 3418/x + (-10)/70 + -4?
0
Let s = -74 + 76. Suppose -5*t + s*y + 112 = 42, t - 3*y = 14. Suppose -9*l + t = -157. What is the tens digit of l?
1
Suppose 1377*r - 4*c - 37679 = 1372*r, -3*r + 22607 = -2*c. What is the units digit of r?
5
Let p(z) = 16*z + 47. Let a be p(-8). What is the tens digit of a/(-54) - 1010/(-4)?
5
Suppose 209*u = 204*u - 3760. Let b = u + 1289. What is the hundreds digit of b?
5
Suppose -11*h - 4170 = -5*h. Let b = -324 - h. What is the hundreds digit of b?
3
Suppose 3*s + 1 + 5 = 0, -8 = 3*k + 4*s. Let h = 74 - 69. Suppose 5*c - h*b - 180 = k, -4*c + b + 69 = -2*c. What is the units digit of c?
3
Let m(b) = -113*b + 10 + 273*b - 2. Suppose -314*p - 5 = -319*p. What is the tens digit of m(p)?
6
Suppose 2*j = -2, 10765 - 49686 = -3*w - j. What is the hundreds digit of w?
9
Let b = 783 - 775. What is the tens digit of 5037/b - (-90)/240?
3
Let m(d) = -6*d**3 + d**2 + d. Let r(q) = 3*q + 6. Let s be r(-3). Let g be m(s). What is the tens digit of ((-20)/(-6))/(8/g)?
7
Let r(u) = -6*u**3 - 5*u + 5*u**2 - 3 - 4 + 1 - 7. Let g be r(-4). Let l = g + -330. What is the units digit of l?
1
Let u(j) = 5*j**2 - 2*j + 1. Let i be u(1). Let x be ((-1)/(-2) - 0)*i. What is the tens digit of 2*(73 + -1) + x?
4
Suppose 0 = u + 5*b + 3, -3*u = -4*u + b - 33. Let h = 30 + u. Suppose -5*t - 41 = -4*r, 3*t = h*r + 2*r - 39. What is the units digit of r?
9
Let d(y) = -6*y + 10 + 7*y**2 - 3 + 3. Suppose n = 165 - 160. What is the tens digit of d(n)?
5
Suppose 572 = 44*q - 40*q. Let l = -121 + q. Suppose -822 = -4*d - l. What is the units digit of d?
0
Suppose -3*k - 5*i = -6*k + 14249, 4*k - 19017 = 3*i. What is the thousands digit of k?
4
Let g(w) = -w**3 - 45*w**2 - 123*w - 168. What is the tens digit of g(-46)?
0
Suppose 18*o = 15*o + 1215. Suppose -2*k + o = -5*m, 2*k - 78 = m + k. Let d = m - -95. What is the tens digit of d?
1
Let v be -7 + 10 - (-2 - -1). Suppose -6*c - 194 = -9*c - m, -262 = -v*c + 2*m. What is the tens digit of c?
6
Let f(y) = 89*y**3 + 2*y**2 + 3*y + 1. Let k be f(2). Let x = 1127 - k. What is the units digit of x?
0
Let r(o) = o**3 - 4*o**2 + 4*o + 1. Let y be ((-96)/30)/(-1) + 1/(-5). Let k be r(y). What is the units digit of k/8 - (-17)/2?
9
Let b(w) = -11*w**2 - 1275*w - 145. What is the units digit of b(-97)?
1
What is the units digit of 2098/(-1)*(-2 + (-2)/(-4)*-11)?
5
Let v be (-16)/36 + (-522)/(-81). What is the tens digit of (v + -11 - -1)/(2/(-42))?
8
Let m(q) = -55*q + 20. Let o be m(1). Let h(l) = l**3 + 35*l**2 - 28*l - 143. What is the hundreds digit of h(o)?
8
Suppose -2*p = 1825*h - 1820*h - 319912, -63979 = -h + 3*p. What is the units digit of h?
2
Suppose 3*k + 1327 = 7333. Suppose -k = -3*m - 106. What is the units digit of m?
2
Let s be (-8)/(-2)*((-25)/20 + 2). What is the hundreds digit of 538/(-4)*(2 - 1 - s)?
2
Suppose -4*d - 1200 = 1488. Let s = 1101 + d. What is the tens digit of s?
2
Let j(s) = 77*s - 33. Let u be (-45)/(-22 + 13) - 1*-1. What is the tens digit of j(u)?
2
Suppose 3*l + 162 = -3*c, 7 - 127 = 2*c + 5*l. Let x be (18/(-5))/((55/c)/(-11)). Let j = x + 55. What is the tens digit of j?
1
Let t = 423 + -421. Suppose -3*l - b = -421, 2*l + t*b = 5*l - 418. What is the tens digit of l?
4
Suppose r + 2*g + 14 = -0*r, 5*r + 35 = -3*g. Let u be 1 + 2 - (53 + r). Let x = 199 + u. What is the hundreds digit of x?
1
Let m(a) = 23528*a**2 + 14*a - 14. What is the units digit of m(1)?
8
Suppose 0 = -4*k - 8, 3*b + 2*k - 6 = -k. What is the hundreds digit of 1/b - 7044/(-48)?
1
Let l(a) = 7*a**2 + a - 14. Let o = -48 + 57. Let f be 2 + 3/(o/6). What is the hundreds digit of l(f)?
1
Let s(r) be the second derivative of 137*r**3/6 + 101*r**2/2 - 11*r. What is the thousands digit of s(11)?
1
Suppose 0 = -14*b + 3*b + 77. Suppose 5*k - b*x + 4*x = 2031, 2028 = 5*k - 4*x. What is the hundreds digit of k?
4
Suppose 0 = 3211*r - 3205*r - 171990. What is